and 349296?
912
What is the highest common factor of 456 and 74632?
152
Calculate the highest common factor of 681 and 68554.
227
What is the greatest common factor of 900 and 9972?
36
What is the highest common factor of 87 and 849?
3
What is the greatest common factor of 42 and 15222?
6
Calculate the highest common factor of 21159 and 49.
1
What is the highest common factor of 20 and 19490?
10
What is the greatest common factor of 8866 and 55?
11
What is the highest common divisor of 311 and 231073?
311
What is the highest common factor of 27264 and 3184?
16
Calculate the highest common divisor of 14 and 16156.
14
Calculate the highest common divisor of 17472 and 3822.
546
Calculate the greatest common divisor of 150560 and 160.
160
What is the greatest common divisor of 33666 and 3534?
186
What is the highest common divisor of 7524 and 77616?
396
Calculate the highest common divisor of 28 and 1156.
4
Calculate the highest common factor of 47795 and 9.
1
What is the greatest common factor of 1541 and 54136?
67
What is the greatest common divisor of 226960 and 400?
80
Calculate the highest common factor of 132 and 2009172.
132
Calculate the highest common divisor of 72 and 105420.
12
Calculate the greatest common factor of 2712 and 15696.
24
What is the highest common divisor of 105 and 2487205?
35
What is the highest common divisor of 9 and 46065?
3
What is the greatest common factor of 15321 and 21?
3
Calculate the greatest common factor of 576 and 5.
1
Calculate the highest common factor of 330396 and 132.
132
What is the greatest common divisor of 72 and 402372?
36
Calculate the greatest common divisor of 423 and 1410.
141
What is the highest common factor of 833 and 152201?
119
Calculate the greatest common factor of 805 and 655.
5
What is the highest common divisor of 183 and 1101233?
61
Calculate the greatest common factor of 17433 and 3003.
39
What is the greatest common divisor of 3226734 and 18?
18
What is the highest common factor of 30229 and 215?
43
What is the highest common divisor of 65866 and 18?
2
What is the highest common factor of 54 and 44199?
27
What is the highest common factor of 20 and 373420?
20
What is the greatest common factor of 268 and 68?
4
Calculate the highest common factor of 6432 and 1407.
201
Calculate the highest common factor of 45527 and 583.
53
What is the greatest common factor of 1037 and 2159?
17
Calculate the highest common factor of 50 and 2630.
10
What is the greatest common factor of 85 and 59126?
17
Calculate the highest common factor of 36663 and 6969.
303
What is the greatest common factor of 478485 and 558?
279
What is the greatest common divisor of 13275 and 118?
59
What is the greatest common factor of 7876 and 88?
44
What is the greatest common factor of 34911 and 2187?
81
Calculate the highest common factor of 213 and 513827.
71
What is the highest common divisor of 113 and 67?
1
What is the greatest common factor of 53053 and 99905?
689
Calculate the greatest common factor of 29964 and 276.
12
What is the highest common factor of 12282 and 623?
89
What is the highest common factor of 42662 and 14392?
514
Calculate the highest common divisor of 72 and 433764.
36
Calculate the highest common factor of 19532 and 12.
4
Calculate the greatest common factor of 23 and 620908.
23
What is the highest common factor of 24 and 530008?
8
What is the highest common divisor of 22427 and 246?
41
Calculate the highest common factor of 7172 and 1304.
652
Calculate the highest common divisor of 101700 and 24.
12
Calculate the highest common divisor of 240 and 432420.
60
What is the greatest common factor of 2193 and 186099?
51
Calculate the greatest common factor of 490 and 5929.
49
Calculate the highest common divisor of 116 and 564108.
116
What is the highest common factor of 288 and 503316?
36
What is the greatest common divisor of 98671 and 79?
79
What is the greatest common divisor of 697 and 4131?
17
Calculate the highest common divisor of 91755 and 27.
9
Calculate the greatest common factor of 4599 and 14381.
73
What is the greatest common divisor of 34122 and 752?
94
Calculate the greatest common factor of 496720 and 320.
80
What is the greatest common divisor of 4 and 172180?
4
What is the highest common divisor of 2924 and 6321?
43
Calculate the greatest common divisor of 223011 and 639.
639
What is the greatest common divisor of 529635 and 6045?
465
What is the highest common factor of 904735 and 5239?
403
What is the highest common factor of 990 and 100881?
99
Calculate the greatest common factor of 136 and 39865.
17
Calculate the greatest common divisor of 31842 and 162.
18
Calculate the highest common factor of 47998 and 17922.
206
What is the highest common factor of 6100 and 794525?
1525
What is the greatest common factor of 25 and 203625?
25
Calculate the highest common divisor of 2124 and 1017.
9
What is the highest common divisor of 45 and 13230?
45
What is the greatest common factor of 1136 and 3984?
16
Calculate the highest common divisor of 439548 and 12.
12
Calculate the greatest common divisor of 232 and 56376.
232
What is the greatest common divisor of 83593 and 2148?
179
What is the highest common factor of 496 and 832?
16
Calculate the highest common factor of 525 and 9597.
21
Calculate the greatest common divisor of 23551 and 33.
11
Calculate the highest common divisor of 2206720 and 32.
32
Calculate the highest common factor of 4366 and 1369.
37
What is the highest common divisor of 97596 and 18?
18
Calculate the greatest common divisor of 17546 and 775.
31
Calculate the highest common factor of 362 and 8.
2
Calculate the greatest common factor of 490960 and 4332.
1444
What is the highest common divisor of 507544 and 24?
8
What is the greatest common divisor of 623 and 281?
1
What is the highest common factor of 15963 and 12189?
51
Calculate the highest common divisor of 240 and 222252.
12
Calculate the highest common divisor of 100 and 3809725.
25
What is the highest common factor of 258 and 119282?
86
Calculate the greatest common factor of 352 and 23727.
11
Calculate the greatest common factor of 190 and 1117010.
190
What is the greatest common factor of 323 and 16099?
17
Calculate the greatest common divisor of 92 and 55453.
23
Calculate the highest common divisor of 390297 and 66.
3
What is the highest common divisor of 213921 and 171?
171
What is the greatest common factor of 854 and 658?
14
What is the greatest common divisor of 56918 and 955?
191
Calculate the highest common divisor of 1509522 and 34671.
2667
What is the greatest common factor of 8764 and 2926?
14
Calculate the highest common divisor of 166121 and 587.
587
What is the greatest common divisor of 20165 and 259?
37
Calculate the greatest common factor of 32 and 1365992.
8
What is the greatest common factor of 377 and 91147?
29
Calculate the greatest common divisor of 119 and 998053.
119
Calculate the highest common divisor of 339 and 23843.
113
Calculate the greatest common factor of 24 and 72198.
6
Calculate the highest common factor of 50463 and 293433.
1869
Calculate the greatest common divisor of 61 and 433.
1
Calculate the greatest common factor of 1463 and 261668.
209
Calculate the highest common divisor of 132 and 541662.
66
What is the highest common factor of 47 and 198857?
47
What is the highest common divisor of 34784 and 48?
16
Calculate the highest common divisor of 30 and 2106.
6
What is the greatest common divisor of 4290 and 105430?
130
Calculate the greatest common factor of 186422 and 918.
34
Calculate the highest common factor of 31126 and 2364.
394
What is the greatest common divisor of 44514 and 18?
18
What is the highest common divisor of 420761 and 451?
11
Calculate the highest common factor of 2916216 and 27.
27
Calculate the highest common divisor of 561 and 113696.
187
What is the highest common factor of 188557 and 628?
157
What is the greatest common divisor of 235816 and 14?
14
What is the greatest common factor of 118612 and 26?
26
What is the greatest common factor of 410 and 1490?
10
Calculate the highest common factor of 5335 and 1372162.
1067
Calculate the highest common factor of 8322 and 3066.
438
What is the greatest common divisor of 122688 and 12141?
639
What i